= 10*t - 5. What is the remainder when c(s) is divided by 12?
11
Suppose -113 = -5*u - 23. Calculate the remainder when 51 is divided by u.
15
Let c be ((-226)/(-1))/1 + 2. Calculate the remainder when 56 is divided by c/(-8)*(-4)/6.
18
Let d be (-4)/(-22) + (-196)/(-11). Suppose 4*u - d - 2 = 0. What is the remainder when 8 is divided by u?
3
Suppose -2*u = 3*o - 257, 0 = -u + 5*u - 3*o - 541. Calculate the remainder when u is divided by 34.
31
What is the remainder when 34 is divided by 120/(-70)*(-42)/4?
16
Suppose 7 - 1 = 2*k. Suppose 4*y - 215 = -4*c + 3*c, -k*c + 267 = 5*y. Suppose -14 = -3*u + 2*u. Calculate the remainder when y is divided by u.
12
Let g be 3/1 - (-4 + 3). Let b = g + -13. Calculate the remainder when (-6)/9 + (-87)/b is divided by 5.
4
Suppose 0 = -3*q + 3*d + 33, 3*q - 8*q - 3*d + 31 = 0. Suppose -2*m + 6 = -0*m. Let z = 0 + m. Calculate the remainder when q is divided by z.
2
Suppose 2*f = f + 61. Let n = f - 37. Calculate the remainder when 6 is divided by (-1)/(-4) + 90/n.
2
Let f(z) be the third derivative of z**5/30 + z**4/6 - 2*z**3/3 + 8*z**2. Let l = -3 + 6. What is the remainder when f(l) is divided by 14?
12
Let u = 47 - -6. Calculate the remainder when u is divided by 14.
11
Suppose 0 = -0*w - w + 50. Suppose -4*f + w = -130. What is the remainder when f is divided by 12?
9
Let b = 15 - 25. Let v(d) = -6*d + 3. What is the remainder when v(b) is divided by 22?
19
Let l be 14/(-35) - 4/(-10). Suppose l = 2*j + j - 45. What is the remainder when 56 is divided by j?
11
Let f = -3 - -6. Suppose -15 + 3 = -f*c. Calculate the remainder when 10 is divided by c.
2
What is the remainder when (4/(-22) - 0) + 2952/264 is divided by 3?
2
Let j(y) = -y**3 + 11*y**2 + 10*y + 9. Let l be j(12). Let k = l - -57. Calculate the remainder when k is divided by ((1 - 3) + -3)*-3.
12
Suppose 4*y + 4*h = 136, -3*h - 15 + 59 = y. Suppose 48 + 7 = 5*k. Calculate the remainder when y is divided by 2 + k - -3 - 1.
14
Let d be (7 + -1)/(2 + 0). Suppose 173 + 67 = -d*c. Let b = -37 - c. Calculate the remainder when b is divided by 15.
13
Suppose -2*q - 54 = -2*k - 7*q, -3*q = 3*k - 81. Suppose 2*a - 208 = -2*a. Calculate the remainder when a is divided by k.
25
Let p(d) = 0 - 6*d - 4 + 5 + 0*d. Calculate the remainder when p(-3) is divided by 5.
4
Suppose 0*o = -4*o - 2*g - 14, 0 = -4*o + 2*g - 2. Let c be 1/(o/(1*14)). Let d(y) = -y**2 - 12*y - 10. What is the remainder when d(c) is divided by 13?
12
Let g(t) = 3*t**3 + t**2. Suppose i = -4*o, o + 0 = -2*i - 7. Calculate the remainder when 6 is divided by g(o).
2
Let y be (-204)/(-10) - 12/30. Let x = y - 8. Calculate the remainder when 47 is divided by x.
11
Let h = 36 - 81. Let u = h + 89. Calculate the remainder when u is divided by 15.
14
Let j = 6 + -2. Suppose 4*a - j = -0*a. What is the remainder when 33 is divided by -17*(a + -1 - 1)?
16
Let w be (1*-2 + -204)/(-2). Suppose -q = -5*f - w, q - 2*q + 43 = -2*f. Let t = 35 + f. Calculate the remainder when t is divided by 8.
7
Let t = 68 - 59. What is the remainder when 51 is divided by t?
6
Suppose -2*q + 12 = -16. What is the remainder when 41 is divided by q?
13
Suppose 88 - 1 = 3*g. Calculate the remainder when (3/2)/((-18)/(-1356)) is divided by g.
26
Let f be 3*(0 - (-12)/(-9)). Let i = f - -30. Calculate the remainder when i is divided by 4/(-18) + ((-224)/(-36) - -1).
5
Suppose 5*u = -0*u + 310. Calculate the remainder when u is divided by (-3)/(-12) + (-498)/(-24).
20
Suppose v = 0, 18 = 2*a - 3*v - 24. Calculate the remainder when 61 is divided by a.
19
Suppose 13 = -0*y + y. Suppose 14 = -11*t + 13*t. Calculate the remainder when y is divided by t.
6
Let h(j) = 3*j + 1. What is the remainder when 25 is divided by h(5)?
9
Let q = -174 - -183. Suppose 0 = -2*y - 2*a + 56, -4*y + 102 = -3*a + 2*a. What is the remainder when y is divided by q?
8
Let o be (-1 - -37)*(-2)/4. What is the remainder when 37 is divided by o/(-81) + (-176)/(-18)?
7
Let m be 5/(5/2) + -3. Let w = m - -12. Calculate the remainder when (-3)/(12/86)*-2 is divided by w.
10
Suppose 35 = 91*f - 86*f. Calculate the remainder when 19 is divided by f.
5
Suppose -35 = -2*o - 2*o - 3*t, -2*t - 30 = -4*o. Suppose o*m = 3*m + 100. Calculate the remainder when 37 is divided by m.
17
Suppose -2*z = k - 75, 5*z = 3*k - 8*k + 180. What is the remainder when 114 is divided by z?
36
Suppose 0*q - 1 = c + 2*q, 5*c - 19 = 2*q. Suppose c*x = -0*x + 27. What is the remainder when x is divided by 4?
1
Suppose -15 = -2*r + 33. What is the remainder when (94 + 0)/(-20 - -22) is divided by r?
23
Suppose 0 = -5*s - l + 69, s + 4*l - 29 = -0. What is the remainder when 25 is divided by s?
12
Suppose 165 = 5*g - p, -g + 3*p + 42 = p. Suppose -2*t = 3*b - 17, 5*t = 5*b - 38 - g. Calculate the remainder when (-2)/13 + (-1020)/(-39) is divided by b.
8
Suppose 2*y + 2*p = 4*p, 0 = -5*y - 2*p + 7. Suppose 4*u = -23 - y. Let r(k) = -4*k + 1. What is the remainder when r(u) is divided by 14?
11
Suppose -4*x - 4 = -3*m, 5*m = 2*m. Let v be ((x/(-1))/1)/(-1). Calculate the remainder when (20/(-1))/(v/2) is divided by 14.
12
Suppose -151 = -5*y + 184. Calculate the remainder when y is divided by 18.
13
Let b(a) be the first derivative of -4*a**3/3 - a**2/2 - a + 2. Let y(m) be the first derivative of b(m). Calculate the remainder when 28 is divided by y(-2).
13
Let y = 192 + -142. What is the remainder when y is divided by 18?
14
Let z(j) = -j + 1. Suppose 0 = 4*q + 3*m - 30, 5*m + 0 = 10. What is the remainder when z(-10) is divided by q?
5
Suppose 8*c - 9*c + 212 = 0. What is the remainder when c is divided by 43?
40
Calculate the remainder when 27 is divided by (-40)/(-2)*(-9)/(-18).
7
Suppose 0 = 3*p - 0*p - 42. Calculate the remainder when p is divided by 4.
2
Let w = 12 + -5. Suppose -5*f + 2*x + 45 = w*x, -2*f + 18 = -4*x. What is the remainder when 25 is divided by f?
7
Let q = 116 + -99. Calculate the remainder when q is divided by 9.
8
Suppose 34 = 2*o + 4. What is the remainder when (-110)/15*(1 - (2 - -5)) is divided by o?
14
Let c = 3 - 3. Let b be 1 + 1 - (-149 + c). Suppose -b = -3*l - l + 3*p, 2*l + 3*p - 53 = 0. What is the remainder when l is divided by 12?
10
Let x(q) = -q**3 + 5*q**2 + 10*q + 4. What is the remainder when x(5) is divided by 14?
12
Let u = 67 + -45. Calculate the remainder when 85 is divided by u.
19
Suppose 0 = -2*o + 10*o - 144. What is the remainder when 51 is divided by o?
15
Suppose 5*l - 3*l + 42 = 0. Let f = l - -39. What is the remainder when f is divided by 10?
8
Calculate the remainder when (-1)/(-1) - (-2 + -26) is divided by ((-30)/4)/(-1)*2.
14
Suppose 2*o + 11 = -3*l - 17, 15 = -3*o. Let p be (-2)/(-4) - 9/l. Suppose p*x + 2*x - 160 = 0. Calculate the remainder when x is divided by 14.
12
Let v(r) be the third derivative of -r**4/3 - r**3/6 - 6*r**2. Calculate the remainder when v(-3) is divided by 13.
10
Let l(f) = f**3 + f**2 + 2*f + 26. What is the remainder when l(0) is divided by 14?
12
Suppose 6 + 1 = w. Let u(n) = -n**2 + 8*n + 5. Suppose 5*p - 30 = 2*k - k, -4 = -2*p + 2*k. Calculate the remainder when u(p) is divided by w.
5
Let k(j) = -3*j. Let g be k(-2). Suppose -s = 3*s - 20. What is the remainder when 3/g - (-81)/6 is divided by s?
4
Let i = 6 - 1. Suppose -5*g + 9 = 3*x + x, -i*x - 15 = g. Suppose -g*n + 17 = 2*a, -3*n - n + 51 = 5*a. What is the remainder when a is divided by 4?
3
Let p be ((-16)/12)/(2/(-6)). Suppose 5*i + 13 = 4*z - 5, -5*i - 2 = p*z. What is the remainder when 8 is divided by z?
0
Suppose -2*g = 5*z - 256, -2*z = -g - 95 - 11. What is the remainder when z is divided by 27?
25
Suppose -3*l + 3 + 87 = 0. Calculate the remainder when 29 is divided by l/12*(0 + 4).
9
What is the remainder when 48/20*(12 + -2) is divided by 9?
6
Let h = 8 - 5. Suppose -h*w = 2*t - 13, 9*w - 7 = 4*t + 4*w. What is the remainder when 4 is divided by t?
0
Suppose -6*t = -3*t - 147. Let u(a) be the first derivative of 2*a**2 - 3*a + 2. Calculate the remainder when t is divided by u(5).
15
Let g = -166 - -263. What is the remainder when g is divided by 20?
17
Calculate the remainder when 23 is divided by 2/(-9) + 440/36.
11
Suppose 0 = 4*o - 133 + 37. What is the remainder when 191 is divided by o?
23
Suppose -17 = 2*j - 5*